 = -4*l - l + 338, -3*m - l = -346. What is the hundreds digit of m?
1
Suppose -2 = -2*j, 4*v = -4*j + 3*j - 7. Let h be (v - -1)/((-1)/21). Suppose 2*q = h - 7. What is the units digit of q?
7
Let k be (1/(-1))/(1/(-11)). Let u be (-21)/(2 + 1)*1. Let w = k + u. What is the units digit of w?
4
Let p(q) = q**3 + 9*q**2 + 6*q + 5. Let d be p(-8). Suppose 6 = -3*i + d. Suppose -3*w = -i - 13. What is the units digit of w?
6
Let y be (-28)/((0 - 1) + -1). Suppose 3 = r, -c - 5*r + 1 = c. Let s = c + y. What is the units digit of s?
7
Suppose 20 = -2*l - 4*r, -l - 1 + 19 = -5*r. What is the units digit of 15/l*(-32)/20?
2
What is the tens digit of (1*-2)/(((-19)/176)/19)?
5
Suppose 3*y = 3*l - 204, -y + 171 = 3*l - 41. What is the units digit of l?
0
Suppose -2*t + 0*t = -d + 12, 21 = d - 5*t. What is the tens digit of 8/d*60/8?
1
Suppose -412 = -3*l + 5*k, 3*k - 51 - 77 = -l. What is the hundreds digit of l?
1
What is the units digit of (-219)/(-15) + (-4)/(-10)?
5
Let h(p) = -p**2 - 1. Let a(t) = 5*t**2 - t + 5. Let j(s) = -a(s) - 6*h(s). What is the units digit of j(2)?
7
Suppose r + 0*r = n - 15, -n + 23 = -5*r. What is the tens digit of n?
1
Suppose 0 = -14*p + 15*p + 2, m + p = 170. What is the tens digit of m?
7
Let o = -10 + 15. Suppose 2*a = -4*v + 6, 4*a = 3*v - 5*v + 12. Suppose -o*l + 2 = -2*n + 18, -a*n = 2*l - 24. What is the units digit of n?
8
Let f(w) = -2*w**2 + w + 4. Let c be f(2). What is the units digit of 5*(-3 + c)*-1?
5
Let h(f) = 8*f**2. Let p be h(-1). Suppose 4*i = p*i - 100. What is the tens digit of i?
2
Let w = 10 + 149. What is the tens digit of w?
5
Let l(k) = -k**3 + 12*k**2 - 20*k + 18. What is the units digit of l(9)?
1
Suppose -5*w + 5*j + 9 = -26, 5*j = 2*w - 29. Suppose -w*i = 26 - 8. Let t = i - -25. What is the units digit of t?
6
Let u = 5 + 0. Suppose -3*c + 17 = 2*z, u*z + 5 = 2*c - 0*c. Suppose -2*f = 3*l + 3, -6*l - c = -2*l + 3*f. What is the units digit of l?
1
Let b(o) = -o**3 - 22*o**2 + 19*o - 25. What is the tens digit of b(-23)?
6
Let u = 1 + 4. Suppose -4*s - 2*c = -64, u*s + 3*c - 24 = 57. What is the tens digit of s?
1
Let d be (-4)/6 + (-80)/(-12). Suppose -z + 10 + d = -4*r, -3*r - 12 = 0. Suppose z = -v - b + 6, 0*v = 5*v + 2*b - 39. What is the units digit of v?
9
What is the units digit of 8 - (-9)/3 - 1?
0
Let k(n) = 5*n**2 - 3*n - 8. What is the hundreds digit of k(-6)?
1
Let c = 118 + -75. What is the tens digit of c?
4
Suppose 2*n + 0*n - 26 = 0. What is the tens digit of n?
1
Suppose 0 = 4*x + x - 165. What is the units digit of x?
3
Suppose 4*i + 256 = 3*c - 257, -4*i + 887 = 5*c. What is the tens digit of c?
7
Suppose -5*l + g + 21 = -4, -21 = l + 5*g. Suppose -u + l*y + 10 = 5*y, -3*y = -15. Suppose d = -2*r + 7*r - 59, -u*r = 5*d - 35. What is the tens digit of r?
1
Let o(f) = -f**3 + f**2 - f + 16. Let w be (-2 + 4 + -2)*-1. What is the tens digit of o(w)?
1
Suppose -4*j - h = -9, 0*j + 5*j = -h + 11. What is the units digit of j?
2
Let f(r) = 3*r**3 - r**2 + 2*r + 6. What is the units digit of f(3)?
4
Suppose 183 + 187 = 5*u. Suppose -u = 2*y - 6*y + 2*v, 4*y = 5*v + 59. What is the tens digit of y?
2
Suppose -3*v + 21 + 27 = 0. Let i be 39/(-4) - (-1)/(-4). Let k = i + v. What is the units digit of k?
6
Let p be (-623)/(-14) - (-1)/(-2). Suppose -y = 3*y - p. What is the tens digit of y?
1
Let y(o) = 5*o. Let h be y(1). Suppose 0 = 5*t + 5*x - 70, 33 + 1 = 2*t + h*x. What is the units digit of t?
2
Let b = 65 + -92. What is the tens digit of 6/b - 209/(-9)?
2
Suppose -25 = 5*k - 185. Suppose 3*r = -3*q - 3, -2*r = -4*q + 3*r + k. Suppose 0 = -3*h - 0 + q. What is the units digit of h?
1
Let g(l) = -2*l**3 - 8*l**2 - 5*l - 3. What is the units digit of g(-4)?
7
Let p(z) = 6*z + 23. Let b(x) = -2*x - 8. Let c(q) = -11*b(q) - 4*p(q). Let h(n) = -5*n**2 + n. Let y be h(-1). What is the units digit of c(y)?
8
Suppose -5*s + 1929 = 4*m, 4*s - 221 = 3*m + 1316. What is the units digit of s?
5
Let r(c) = 26*c + 30. What is the tens digit of r(6)?
8
Let o be (-525)/165 - (-2)/11. Let x(l) be the first derivative of -2*l**2 + 2*l - 1. What is the tens digit of x(o)?
1
Let b(z) = -z + 3. Let v be b(6). Let m = -1 - v. What is the units digit of (m - 2) + -1 + 6?
5
Suppose -2*i + 3*o = -14, 4*i + 3*o - 3 - 7 = 0. Suppose 0 = 3*c - 2*c + i*u - 28, -5*u = 2*c - 41. What is the units digit of c?
8
Let l be 0 + 0 + 10 - 1. Suppose l + 7 = 2*k. What is the units digit of k?
8
Let o be 1*(2 - 2 - -1). Suppose -3*x = -2*x - o. Suppose -x = n + m, m = n - m - 5. What is the units digit of n?
1
Suppose -y - 3*y = 0, p - 4*y = 92. What is the units digit of p?
2
Let m(s) = 2*s**2 + 7*s + 5. Let u(g) = 8*g + 19. Let h(q) = -3*q - 6. Let o(b) = -11*h(b) - 4*u(b). Let k be o(6). What is the units digit of m(k)?
9
Let g = -8 + 8. Suppose g*t + 10 = 5*t. What is the units digit of t?
2
What is the units digit of 3/2*116/3?
8
Let j be (-3)/12 + 2/8. Let q = j - -1. What is the units digit of 6/(-2)*(-1 - q)?
6
Let i = -8 - -11. Let p = 20 - i. What is the tens digit of p?
1
Let f(k) = k - 3. Let p(l) = -l + 8. Let a be p(4). Let m(b) = b**2 - 3*b. Let g be m(a). What is the units digit of f(g)?
1
Suppose -195 - 100 = -5*a. Let b = a + -39. Suppose 72 = 4*s + b. What is the tens digit of s?
1
Suppose 0 = -3*t - t - 3*o + 402, -3*t + 5*o + 287 = 0. What is the units digit of t?
9
What is the units digit of 8 + -10 + 7*1?
5
Let v be 9/6*-2 - 7. Let q = 4 - v. What is the tens digit of q?
1
Let a = 2 + 0. Suppose 0 = -4*o + o. Let d = o + a. What is the units digit of d?
2
Suppose 0 = -0*i - i. Let j = 3 - i. Suppose -c + j*a = 1, 3*c = -4*a + 11 - 1. What is the units digit of c?
2
Suppose 0*b + 4*b = 0. Suppose b = p - s - 4, 21 - 9 = 3*s. What is the units digit of p?
8
Suppose -4*y = -81 + 17. What is the units digit of y?
6
Let v(t) = 10*t + 20. What is the tens digit of v(4)?
6
Suppose 2*l = -0*l - 8. Let i = 9 + l. Let m(z) = z**3 - 4*z**2 - 4*z + 1. What is the units digit of m(i)?
6
Let t(k) = 9*k + 0*k - 8 + 1. What is the units digit of t(4)?
9
What is the tens digit of 4/10 - 183/(-5)?
3
What is the units digit of 10 + 28 - 4/(2/1)?
6
Suppose 0 = 3*y + v - 177 + 68, -2*v = 10. What is the tens digit of y?
3
Suppose -2*p + 571 = 5*i, 0*i = 3*p + 2*i - 884. What is the units digit of p?
8
Let u = 330 + -146. What is the tens digit of u?
8
Let r = 12 + 12. What is the tens digit of (3/2)/(1/r)?
3
Let x = 7 + -10. Let l be 6 - 4/(-6)*x. Suppose -3*f + 34 - l = 0. What is the tens digit of f?
1
Suppose -8*y - 106 + 498 = 0. What is the tens digit of y?
4
What is the units digit of (6/(-5))/(42/(-700))?
0
Let p(k) be the first derivative of -17*k**3/3 - k - 2. Let x be p(-1). Let f = 26 + x. What is the units digit of f?
8
Suppose 2*j + 4 = 96. What is the units digit of j?
6
Let r(n) = -6*n - 1. Let p be r(-1). Suppose p*i - a - 43 = -17, 3*a - 30 = -3*i. What is the units digit of (i/(-2))/(3/(-5))?
5
Let k(d) = -d**2 - 6*d. Let q be k(-4). What is the units digit of ((-82)/q)/((-7)/28)?
1
Let c(y) = -y**2 + 10*y - 7. Let a be c(7). Suppose -x - 10 = -2*x - 2*p, 2*p = -2*x + a. Suppose 0 = w + x, -4*w - 22 - 4 = -2*g. What is the units digit of g?
5
Let n(h) = -h**3 - 7*h**2 - 2*h - 10. Let a be n(-7). Suppose 0 = -4*s - 0*x - 2*x + 6, 31 = 4*s - 3*x. Let r = s + a. What is the units digit of r?
8
What is the hundreds digit of 234 + (-8)/(24/(-15))?
2
Let c be 5/(-15) - (-13)/3. Suppose c*p - 126 = p. What is the units digit of p?
2
Suppose 1 = d + 7. Let n = d + 15. What is the units digit of n?
9
Suppose -145 - 197 = -6*d. What is the tens digit of d?
5
Let a(i) = -2*i - 6. Let q be a(-6). Let h = q + -6. Suppose 2*l + 2*l - 12 = h. What is the units digit of l?
3
Let y(p) = 4*p**3 + 1. Let z be y(1). Suppose z*l - 20 = 0, w + 3*w = 3*l - 572. What is the units digit of w/(-18) - (-4)/18?
8
Let v(w) be the second derivative of -5*w**3/6 - w**2/2 - w. Suppose -3*k + 8 + 4 = 0, -k + 6 = -j. What is the units digit of v(j)?
9
Let p = -110 + 202. What is the units digit of p?
2
Suppose -2*t - 3*t = -4*z + 4, -3*t - 3*z = -3. Let o be 3*((-8)/(-3) - 0). Suppose 4*g + 4*d - o = t, 2*g + 0*d = -3*d + 3. What is the units digit of g?
3
Suppose 8 = 5*g - 12. What is the tens digit of 5*g - (-6 + 5)?
2